33
Let h(z) = -153*z - 2454. What is h(-16)?
-6
Let g(t) = -2*t**3 + 14*t**2 - 12*t - 4. What is g(5)?
36
Let r(c) = -20*c - 379. Calculate r(-20).
21
Let d(a) = -39*a**2 + 45*a - 58. Give d(2).
-124
Let z(b) = -17*b**2 + 27*b + 25. Determine z(2).
11
Let l(o) = -16*o - 1339. Determine l(-83).
-11
Let i(x) = 7*x**2 + 138*x + 40. What is i(-19)?
-55
Let j(h) = -11*h - 196. Calculate j(10).
-306
Let r(y) = -y**3 + 21*y**2 + 32*y - 63. Calculate r(22).
157
Let w(g) = -2*g**2 + 10*g + 51. What is w(-3)?
3
Let f(s) = 2*s**3 - 26*s - 44. Determine f(-2).
-8
Let b(h) = h**2 + 21*h - 426. Determine b(-32).
-74
Let y(a) = 8*a - 122. Determine y(34).
150
Let q(k) = -k**2 - 11*k + 47. Calculate q(7).
-79
Let g(o) = -4*o**2 + 30*o - 67. Calculate g(5).
-17
Let h(a) = 8412*a + 42063. Determine h(-5).
3
Let b(a) = 2*a**3 - 16*a**2 + 106*a - 630. What is b(7)?
14
Let z(f) = -f**3 + 16*f**2 + 21*f - 17. What is z(17)?
51
Let w(x) = -5*x - 316. Calculate w(32).
-476
Let b(t) = 15*t + 923. What is b(-58)?
53
Let x(w) = 911*w + 62858. Calculate x(-69).
-1
Let g(b) = -12*b - 71. Calculate g(17).
-275
Let w(j) = -3*j**2 + 365*j + 3247. Give w(130).
-3
Let h(u) = -239*u - 25763. Give h(-108).
49
Let t(s) = -s**2 - 297*s - 2286. Give t(-8).
26
Let x(i) = 2*i**2 + 174*i + 3700. Give x(-51).
28
Let v(q) = 112*q - 825. Calculate v(8).
71
Let c(l) = 45*l - 973. Determine c(21).
-28
Let n(u) = -u**2 - 43*u + 873. Determine n(16).
-71
Let c(w) = -w**3 - 5*w**2 - 7*w - 25. What is c(-5)?
10
Let l(k) = 84*k - 1679. Determine l(20).
1
Let i(n) = -42*n - 278. What is i(-5)?
-68
Let b(i) = 3*i**3 + 18*i**2 + 18*i + 7. Give b(-5).
-8
Let s(a) = a**2 - 14*a - 593. Give s(-18).
-17
Let i(m) = -m**2 - 63*m + 655. Give i(-72).
7
Let f(q) = -208*q - 7684. Calculate f(-37).
12
Let n(k) = 8*k**2 + 23*k. Calculate n(-2).
-14
Let t(a) = -176*a - 1951. What is t(-11)?
-15
Let a(c) = -37*c - 2019. Determine a(-54).
-21
Let d(s) = -9*s**2 + 41*s - 13. Calculate d(3).
29
Let l(u) = 7*u + 23. Give l(-17).
-96
Let x(y) = -y**3 - 94*y**2 - 141*y - 4462. Calculate x(-93).
2
Let z(u) = -u - 16. What is z(7)?
-23
Let q(h) = -h**2 - 509*h + 11682. Determine q(22).
0
Let p(m) = 236*m - 20536. Determine p(87).
-4
Let r(k) = 74259*k - 297038. Calculate r(4).
-2
Let v(c) = -2*c**2 - 198*c - 576. Give v(-96).
0
Let g(r) = r**2 - 4*r + 54. What is g(5)?
59
Let i(s) = -4*s**2 + 67*s - 442. Give i(6).
-184
Let u(z) = z**3 - 111*z**2 + 112*z - 475. What is u(110)?
-255
Let q(u) = 2*u**2 + 12*u - 65. Calculate q(-10).
15
Let n(m) = -11*m**3 + 207*m**2 + 37*m + 27. Give n(19).
8
Let a(s) = -12*s - 47. Calculate a(-7).
37
Let x(s) = -3*s**3 + 146*s**2 + 24*s + 1156. Determine x(49).
-69
Let j(u) = u**2 + 9*u + 16. Determine j(-2).
2
Let k(u) = -u**3 - 120*u**2 - 347*u + 370. Determine k(-117).
-98
Let u(m) = m**2 + 9*m - 170. Calculate u(10).
20
Let a(v) = -26*v - 335. Determine a(-14).
29
Let k(i) = 69*i + 755. Determine k(-10).
65
Let y(l) = 298*l**2 - 1797*l - 2. Determine y(6).
-56
Let x(s) = -s**3 + s**2 + 154*s + 14. Determine x(13).
-12
Let v(a) = -a**3 + 101*a**2 + 410*a + 12720. Give v(106).
0
Let a(v) = 4*v**2 - 545*v - 962. Calculate a(138).
4
Let k(a) = -a**2 - 168*a + 691. Give k(-172).
3
Let h(s) = -51*s**2 + 12*s - 3. Give h(-1).
-66
Let v(b) = -b**2 + 97*b - 949. Determine v(86).
-3
Let x(b) = -b**3 + 12*b**2 - 405*b + 3854. Calculate x(10).
4
Let x(g) = -67*g + 526. What is x(8)?
-10
Let x(v) = v**2 + 47*v + 308. What is x(-9)?
-34
Let g(t) = 2*t**3 + 5*t**2 + 6*t + 4. Give g(-2).
-4
Let b(y) = -y**3 - 32*y**2 - 245*y - 24. Give b(-20).
76
Let w(b) = -b**3 - 123*b**2 - 133*b - 1293. Calculate w(-122).
49
Let s(x) = -x**3 - 23*x**2 - 44*x - 134. Determine s(-22).
350
Let m(w) = -2*w**2 - 126*w - 326. Determine m(-60).
34
Let u(v) = 6*v**3 + 87*v**2 - 46*v - 25. What is u(-15)?
-10
Let o(p) = -p**3 + 2*p**2 + 74*p - 757. What is o(-11)?
2
Let c(q) = q**3 + 13*q**2 + 21*q + 23. Calculate c(-8).
175
Let i(q) = -38*q + 2223. What is i(58)?
19
Let r(s) = s**3 - 13*s**2 + 19*s + 34. Determine r(11).
1
Let b(z) = -29*z + 367. What is b(19)?
-184
Let g(y) = 793*y - 2159. Calculate g(3).
220
Let q(k) = 10*k - 265. Give q(28).
15
Let o(m) = m**2 - 22*m - 138. What is o(31)?
141
Let r(h) = 108*h + 3570. Determine r(-33).
6
Let o(r) = -156*r + 2845. Calculate o(17).
193
Let u(n) = 35*n - 6. What is u(-5)?
-181
Let p(n) = 4*n**2 + 279*n + 1216. Give p(-65).
-19
Let c(p) = p**2 + 27*p + 113. Calculate c(-6).
-13
Let p(s) = 5*s**2 - 117*s - 359. Give p(26).
-21
Let a(w) = -647*w + 645. Determine a(1).
-2
Let j(w) = w**2 + 150*w + 1152. What is j(-8)?
16
Let d(z) = -z**2 + 25*z + 4223. What is d(79)?
-43
Let d(i) = 107*i + 2487. What is d(-27)?
-402
Let h(q) = q**2 + 6*q - 1897. Determine h(-48).
119
Let i(c) = 64*c - 154. Determine i(3).
38
Let i(g) = 32*g**2 - 175*g + 24. What is i(5)?
-51
Let s(x) = -4*x**2 + 21*x - 3. Give s(15).
-588
Let q(x) = 2*x**2 - 11*x - 35. What is q(-9)?
226
Let b(q) = -2*q**2 - 91*q - 720. Determine b(-35).
15
Let i(h) = -h**2 + 23*h - 90. What is i(11)?
42
Let i(a) = -2*a**2 + 324*a + 2657. Determine i(-8).
-63
Let m(i) = i**3 - 43*i**2 + 328*i + 35. Determine m(33).
-31
Let c(b) = -b**3 + 14*b**2 + 2307*b - 34380. Give c(15).
0
Let p(j) = -j**3 + 3*j**2 - 7*j + 30. What is p(3)?
9
Let p(n) = -6*n**3 + 110*n**2 - 47*n + 196. What is p(18)?
-2
Let x(d) = 102*d - 1531. Determine x(15).
-1
Let s(t) = -t**3 + 88*t**2 - 5*t - 198. What is s(88)?
-638
Let r(y) = -87*y + 404. What is r(4)?
56
Let z(g) = 5*g**2 + 35*g + 12. Give z(-8).
52
Let v(i) = -22*i + 1901. Give v(85).
31
Let u(l) = l**3 + 40*l**2 + 40*l - 65. What is u(-39)?
-104
Let c(i) = 1328*i + 2667. Determine c(-2).
11
Let s(f) = -f**3 + 5*f**2 - 4*f - 102. What is s(4)?
-102
Let m(q) = -41*q - 162. Calculate m(-4).
2
Let y(t) = 6*t**2 - 2743*t - 2742. Calculate y(-1).
7
Let v(u) = 8*u**2 - 1111*u - 1204. What is v(140)?
56
Let i(l) = -607*l - 171794. Calculate i(-283).
-13
Let s(m) = 13*m**2 - 22*m + 93. What is s(6)?
429
Let d(o) = -27*o - 143. Calculate d(-2).
-89
Let u(y) = -2*y**3 + 251*y**2 - 121*y - 505. Determine u(125).
-5
Let k(s) = s**3 + 98*s**2 - 206*s - 560. Determine k(-100).
40
Let w(v) = -v**3 + 33*v**2 - 38*v + 202. Give w(32).
10
Let b(a) = -a**3 - 9*a**2 - 36*a - 124. Determine b(-8).
100
Let p(c) = -9*c + 58. Give p(14).
-68
Let v(l) = l**2 + 17*l - 68. What is v(-21)?
16
Let j(w) = -w**3 + 11*w**2 + 58*w + 5. What is j(15)?
-25
Let c(x) = -45*x - 3258. Determine c(-72).
-18
Let v(q) = 3*q**3 + 39*q**2 + 8*q + 68. Calculate v(-13).
-36
Let k(v) = -6060*v + 18206. Determine k(3).
26
Let p(y) = -y**3 + 135*y**2 - 395*y - 145. Calculate p(132).
-13
Let k(p) = p**3 + 10*p**2 - 92. Give k(-8).
36
Let t(r) = -r**3 + 22*r**2 + 5656*r - 84. What is t(87)?
3
Let o(x) = -31*x**3 - 157*x**2 - 9*x - 3. Calculate o(-5).
-8
Let m(c) = 16*c - 162. What is m(0)?
-162
Let g(o) = 264*o - 10. Determine g(1).
254
Let d(r) = -r**3 + 14*r**2 - 993*r + 17747. Give d(17).
-1
Let g(a) = -2*a**3 + 13*a**2 - a - 58. Calculate g(0).
-58
Let c(d) = 4*d**2 + 92*d - 10077. Calculate c(40).
3
Let b(d) = -24*d + 1272. Determine b(52).
24
Let o(s) = -3*s - 117. Calculate o(-4).
-105
Let r(z) = -47*z + 30. Give r(1).
-17
Let r(g) = -21*g**2 + 44*g - 4. What is r(5)?
-309
Let x(a) = 2*a**3 - 26*a**2 - 16*a + 229. What is x(13)?
21
Let g(y) = -y**3 + 9*y**2 + y - 54. Give g(8).
18
Let v(t) = -101*t + 9902. Calculate v(98).
4
Let q(r) = -r**3 + 2*r**2 - 49*r - 2. Calculate q(0).
-2
Let x(q) = 460*q + 1378. What is x(-3)?
-2
Let c(t) = -12*t + 31. What is c(32)?
-353
Let t(a) = -a**3 + 2*a**2 + 34*a + 8. Calculate t(8).
-104
Let k(a) = -9*a**2 - 833*a + 493. Determine k(-93).
121
Let o(h) = -h**2 - 294*h - 18751. Determine o(-200).
49
Let g(o) = -249*o**2 - 78*o - 78. Calculate g(-1).
-249
Let b(a) = 37*a**2 + 491*a + 128. Determine b(-13).
-2
Let c(m) = m**2 - 31*m - 742. Determine c(-16).
10
Let o(w) = -2865*w**2 - 6*w - 5. What is o(0)?
-5
Let b(q) = 2*q**3 - 32*q**2 - 440*q - 239. What is b(25)?
11
Let q(b) = b**2 - 4555*b + 40957. Give q(9).
43
Let d(s) = -10*s**3 - 13*s - 12. Calculate d(-1).
11
Let g(f) = f**3 - 15*f**2 - 22*f + 76. Calculate g(15).
-254
Let v(c) = -c**3 + 3*c**2 - 10*c + 110. Give v(5).
10
Let t(p) = 3*p**3 + 1